{"id":8,"date":"2024-09-20T22:24:22","date_gmt":"2024-09-20T22:24:22","guid":{"rendered":"https:\/\/ecooservicios.acme-company.co\/?page_id=8"},"modified":"2025-10-29T13:46:59","modified_gmt":"2025-10-29T13:46:59","slug":"inicio","status":"publish","type":"page","link":"https:\/\/ecooservicios.acme-company.co\/","title":{"rendered":"Inicio"},"content":{"rendered":"\t\t<div data-elementor-type=\"wp-page\" data-elementor-id=\"8\" class=\"elementor elementor-8\" data-elementor-post-type=\"page\">\n\t\t\t\t<div class=\"elementor-element elementor-element-80f42aa e-con-full e-flex e-con e-parent\" data-id=\"80f42aa\" data-element_type=\"container\" data-e-type=\"container\" data-settings=\"{&quot;background_background&quot;:&quot;classic&quot;}\">\n\t\t\t\t<\/div>\n\t\t<div class=\"elementor-element elementor-element-53bf612 e-flex e-con-boxed e-con e-parent\" data-id=\"53bf612\" data-element_type=\"container\" data-e-type=\"container\" data-settings=\"{&quot;background_background&quot;:&quot;classic&quot;}\">\n\t\t\t\t\t<div class=\"e-con-inner\">\n\t\t\t\t\t<\/div>\n\t\t\t\t<\/div>\n\t\t<div class=\"elementor-element elementor-element-2e868dc e-flex e-con-boxed e-con e-parent\" data-id=\"2e868dc\" data-element_type=\"container\" data-e-type=\"container\" data-settings=\"{&quot;background_background&quot;:&quot;classic&quot;}\">\n\t\t\t\t\t<div class=\"e-con-inner\">\n\t\t<div class=\"elementor-element elementor-element-1688c68 e-con-full e-flex e-con e-child\" data-id=\"1688c68\" data-element_type=\"container\" data-e-type=\"container\" data-settings=\"{&quot;background_background&quot;:&quot;classic&quot;}\">\n\t\t\t\t<div class=\"elementor-element elementor-element-6209aeb elementor-widget elementor-widget-heading\" data-id=\"6209aeb\" data-element_type=\"widget\" data-e-type=\"widget\" data-widget_type=\"heading.default\">\n\t\t\t\t<div class=\"elementor-widget-container\">\n\t\t\t\t\t<h2 class=\"elementor-heading-title elementor-size-default\">Consulta y paga tu factura<\/h2>\t\t\t\t<\/div>\n\t\t\t\t<\/div>\n\t\t\t\t<div class=\"elementor-element elementor-element-8d4f615 elementor-widget elementor-widget-heading\" data-id=\"8d4f615\" data-element_type=\"widget\" data-e-type=\"widget\" data-widget_type=\"heading.default\">\n\t\t\t\t<div class=\"elementor-widget-container\">\n\t\t\t\t\t<h2 class=\"elementor-heading-title elementor-size-default\">Paga tu factura de manera f\u00e1cil y segura<\/h2>\t\t\t\t<\/div>\n\t\t\t\t<\/div>\n\t\t\t\t<\/div>\n\t\t<div class=\"elementor-element elementor-element-3d455a8 e-con-full e-flex e-con e-child\" data-id=\"3d455a8\" data-element_type=\"container\" data-e-type=\"container\" data-settings=\"{&quot;background_background&quot;:&quot;classic&quot;}\">\n\t\t\t\t<div class=\"elementor-element elementor-element-2303bc9 elementor-widget elementor-widget-heading\" data-id=\"2303bc9\" data-element_type=\"widget\" data-e-type=\"widget\" data-widget_type=\"heading.default\">\n\t\t\t\t<div class=\"elementor-widget-container\">\n\t\t\t\t\t<h2 class=\"elementor-heading-title elementor-size-default\">Opciones de pago disponibles:<\/h2>\t\t\t\t<\/div>\n\t\t\t\t<\/div>\n\t\t\t\t<\/div>\n\t\t<div class=\"elementor-element elementor-element-e37f510 e-con-full e-flex e-con e-child\" data-id=\"e37f510\" data-element_type=\"container\" data-e-type=\"container\" data-settings=\"{&quot;background_background&quot;:&quot;classic&quot;}\">\n\t\t<div class=\"elementor-element elementor-element-8323c72 e-con-full e-flex e-con e-child\" data-id=\"8323c72\" data-element_type=\"container\" data-e-type=\"container\" data-settings=\"{&quot;background_background&quot;:&quot;classic&quot;}\">\n\t\t\t\t<div class=\"elementor-element elementor-element-f615846 elementor-widget elementor-widget-heading\" data-id=\"f615846\" data-element_type=\"widget\" data-e-type=\"widget\" data-widget_type=\"heading.default\">\n\t\t\t\t<div class=\"elementor-widget-container\">\n\t\t\t\t\t<h2 class=\"elementor-heading-title elementor-size-default\">Pago en l\u00ednea<\/h2>\t\t\t\t<\/div>\n\t\t\t\t<\/div>\n\t\t\t\t<div class=\"elementor-element elementor-element-4d3fa29 elementor-widget elementor-widget-heading\" data-id=\"4d3fa29\" data-element_type=\"widget\" data-e-type=\"widget\" data-widget_type=\"heading.default\">\n\t\t\t\t<div class=\"elementor-widget-container\">\n\t\t\t\t\t<h2 class=\"elementor-heading-title elementor-size-default\">A trav\u00e9s de nuestra plataforma segura, puedes pagar con tarjeta de cr\u00e9dito, d\u00e9bito o realizar transferencias electr\u00f3nicas. Solo necesitas tu n\u00famero de cuenta y seguir los sencillos pasos en nuestro portal.<\/h2>\t\t\t\t<\/div>\n\t\t\t\t<\/div>\n\t\t\t\t<\/div>\n\t\t<div class=\"elementor-element elementor-element-6970458 e-con-full e-flex e-con e-child\" data-id=\"6970458\" data-element_type=\"container\" data-e-type=\"container\" data-settings=\"{&quot;background_background&quot;:&quot;classic&quot;}\">\n\t\t\t\t<div class=\"elementor-element elementor-element-41a0539 elementor-widget elementor-widget-heading\" data-id=\"41a0539\" data-element_type=\"widget\" data-e-type=\"widget\" data-widget_type=\"heading.default\">\n\t\t\t\t<div class=\"elementor-widget-container\">\n\t\t\t\t\t<h2 class=\"elementor-heading-title elementor-size-default\">Pago autom\u00e1tico<\/h2>\t\t\t\t<\/div>\n\t\t\t\t<\/div>\n\t\t\t\t<div class=\"elementor-element elementor-element-f503c3b elementor-widget elementor-widget-heading\" data-id=\"f503c3b\" data-element_type=\"widget\" data-e-type=\"widget\" data-widget_type=\"heading.default\">\n\t\t\t\t<div class=\"elementor-widget-container\">\n\t\t\t\t\t<h2 class=\"elementor-heading-title elementor-size-default\">Configura el d\u00e9bito autom\u00e1tico de tu cuenta bancaria para que el pago de tu factura se realice de manera autom\u00e1tica todos los meses. \u00a1Sin preocupaciones ni recordatorios!<\/h2>\t\t\t\t<\/div>\n\t\t\t\t<\/div>\n\t\t\t\t<\/div>\n\t\t<div class=\"elementor-element elementor-element-bc44358 e-con-full e-flex e-con e-child\" data-id=\"bc44358\" data-element_type=\"container\" data-e-type=\"container\" data-settings=\"{&quot;background_background&quot;:&quot;classic&quot;}\">\n\t\t\t\t<div class=\"elementor-element elementor-element-f842a39 elementor-widget elementor-widget-heading\" data-id=\"f842a39\" data-element_type=\"widget\" data-e-type=\"widget\" data-widget_type=\"heading.default\">\n\t\t\t\t<div class=\"elementor-widget-container\">\n\t\t\t\t\t<h2 class=\"elementor-heading-title elementor-size-default\">Pago en establecimientos<\/h2>\t\t\t\t<\/div>\n\t\t\t\t<\/div>\n\t\t\t\t<div class=\"elementor-element elementor-element-d6c0ad2 elementor-widget elementor-widget-heading\" data-id=\"d6c0ad2\" data-element_type=\"widget\" data-e-type=\"widget\" data-widget_type=\"heading.default\">\n\t\t\t\t<div class=\"elementor-widget-container\">\n\t\t\t\t\t<h2 class=\"elementor-heading-title elementor-size-default\"> Si prefieres realizar el pago en persona, puedes acudir a cualquiera de nuestros puntos de pago autorizados, como bancos y supermercados.<\/h2>\t\t\t\t<\/div>\n\t\t\t\t<\/div>\n\t\t\t\t<\/div>\n\t\t\t\t<\/div>\n\t\t\t\t\t<\/div>\n\t\t\t\t<\/div>\n\t\t<div class=\"elementor-element elementor-element-c5f5cc0 e-flex e-con-boxed e-con e-parent\" data-id=\"c5f5cc0\" data-element_type=\"container\" data-e-type=\"container\" data-settings=\"{&quot;background_background&quot;:&quot;classic&quot;}\">\n\t\t\t\t\t<div class=\"e-con-inner\">\n\t\t\t\t<div class=\"elementor-element elementor-element-d2898fd elementor-widget elementor-widget-heading\" data-id=\"d2898fd\" data-element_type=\"widget\" data-e-type=\"widget\" data-widget_type=\"heading.default\">\n\t\t\t\t<div class=\"elementor-widget-container\">\n\t\t\t\t\t<h2 class=\"elementor-heading-title elementor-size-default\">Servicios ofrecidos<\/h2>\t\t\t\t<\/div>\n\t\t\t\t<\/div>\n\t\t\t\t\t<\/div>\n\t\t\t\t<\/div>\n\t\t<div class=\"elementor-element elementor-element-5b11486 e-flex e-con-boxed e-con e-parent\" data-id=\"5b11486\" data-element_type=\"container\" data-e-type=\"container\" data-settings=\"{&quot;background_background&quot;:&quot;classic&quot;}\">\n\t\t\t\t\t<div class=\"e-con-inner\">\n\t\t<div class=\"elementor-element elementor-element-82e87cf e-con-full e-flex e-con e-child\" data-id=\"82e87cf\" data-element_type=\"container\" data-e-type=\"container\" data-settings=\"{&quot;background_background&quot;:&quot;classic&quot;}\">\n\t\t<div class=\"elementor-element elementor-element-839e7d4 e-con-full e-flex e-con e-child\" data-id=\"839e7d4\" data-element_type=\"container\" data-e-type=\"container\">\n\t\t\t\t<div class=\"elementor-element elementor-element-1359206 elementor-widget elementor-widget-image\" data-id=\"1359206\" data-element_type=\"widget\" data-e-type=\"widget\" data-widget_type=\"image.default\">\n\t\t\t\t<div class=\"elementor-widget-container\">\n\t\t\t\t\t\t\t\t\t\t\t\t\t\t\t<img fetchpriority=\"high\" decoding=\"async\" width=\"800\" height=\"534\" src=\"https:\/\/ecooservicios.acme-company.co\/wp-content\/uploads\/2024\/09\/Agua-servicio-09-1024x683.webp\" class=\"attachment-large size-large wp-image-160\" alt=\"\" srcset=\"https:\/\/ecooservicios.acme-company.co\/wp-content\/uploads\/2024\/09\/Agua-servicio-09-1024x683.webp 1024w, https:\/\/ecooservicios.acme-company.co\/wp-content\/uploads\/2024\/09\/Agua-servicio-09-300x200.webp 300w, https:\/\/ecooservicios.acme-company.co\/wp-content\/uploads\/2024\/09\/Agua-servicio-09-768x512.webp 768w, https:\/\/ecooservicios.acme-company.co\/wp-content\/uploads\/2024\/09\/Agua-servicio-09-1536x1024.webp 1536w, https:\/\/ecooservicios.acme-company.co\/wp-content\/uploads\/2024\/09\/Agua-servicio-09-2048x1365.webp 2048w\" sizes=\"(max-width: 800px) 100vw, 800px\" \/>\t\t\t\t\t\t\t\t\t\t\t\t\t\t\t<\/div>\n\t\t\t\t<\/div>\n\t\t\t\t<\/div>\n\t\t<div class=\"elementor-element elementor-element-a0c9fe5 e-con-full e-flex e-con e-child\" data-id=\"a0c9fe5\" data-element_type=\"container\" data-e-type=\"container\">\n\t\t\t\t<div class=\"elementor-element elementor-element-437c428 elementor-widget elementor-widget-heading\" data-id=\"437c428\" data-element_type=\"widget\" data-e-type=\"widget\" data-widget_type=\"heading.default\">\n\t\t\t\t<div class=\"elementor-widget-container\">\n\t\t\t\t\t<h2 class=\"elementor-heading-title elementor-size-default\">Agua<\/h2>\t\t\t\t<\/div>\n\t\t\t\t<\/div>\n\t\t\t\t<div class=\"elementor-element elementor-element-c2d5a3c elementor-widget elementor-widget-heading\" data-id=\"c2d5a3c\" data-element_type=\"widget\" data-e-type=\"widget\" data-widget_type=\"heading.default\">\n\t\t\t\t<div class=\"elementor-widget-container\">\n\t\t\t\t\t<h2 class=\"elementor-heading-title elementor-size-default\">Gesti\u00f3n eficiente de los recursos h\u00eddricos, proporcionando soluciones sostenibles para el suministro, tratamiento y reutilizaci\u00f3n del agua, asegurando un acceso confiable y limpio.<\/h2>\t\t\t\t<\/div>\n\t\t\t\t<\/div>\n\t\t\t\t<div class=\"elementor-element elementor-element-1856c3f elementor-button-info elementor-widget elementor-widget-button\" data-id=\"1856c3f\" data-element_type=\"widget\" data-e-type=\"widget\" data-widget_type=\"button.default\">\n\t\t\t\t<div class=\"elementor-widget-container\">\n\t\t\t\t\t\t\t\t\t<div class=\"elementor-button-wrapper\">\n\t\t\t\t\t<a class=\"elementor-button elementor-button-link elementor-size-sm\" href=\"\">\n\t\t\t\t\t\t<span class=\"elementor-button-content-wrapper\">\n\t\t\t\t\t\t\t\t\t<span class=\"elementor-button-text\">M\u00e1s informaci\u00f3n<\/span>\n\t\t\t\t\t<\/span>\n\t\t\t\t\t<\/a>\n\t\t\t\t<\/div>\n\t\t\t\t\t\t\t\t<\/div>\n\t\t\t\t<\/div>\n\t\t\t\t<\/div>\n\t\t\t\t<\/div>\n\t\t<div class=\"elementor-element elementor-element-ac29e6b e-con-full e-flex e-con e-child\" data-id=\"ac29e6b\" data-element_type=\"container\" data-e-type=\"container\" data-settings=\"{&quot;background_background&quot;:&quot;classic&quot;}\">\n\t\t<div class=\"elementor-element elementor-element-3074d46 e-con-full e-flex e-con e-child\" data-id=\"3074d46\" data-element_type=\"container\" data-e-type=\"container\">\n\t\t\t\t<div class=\"elementor-element elementor-element-e3283cf elementor-widget elementor-widget-image\" data-id=\"e3283cf\" data-element_type=\"widget\" data-e-type=\"widget\" data-widget_type=\"image.default\">\n\t\t\t\t<div class=\"elementor-widget-container\">\n\t\t\t\t\t\t\t\t\t\t\t\t\t\t\t<img decoding=\"async\" width=\"800\" height=\"534\" src=\"https:\/\/ecooservicios.acme-company.co\/wp-content\/uploads\/2024\/09\/steel-pipelines-cables-plant-1024x683.jpg\" class=\"attachment-large size-large wp-image-264\" alt=\"\" srcset=\"https:\/\/ecooservicios.acme-company.co\/wp-content\/uploads\/2024\/09\/steel-pipelines-cables-plant-1024x683.jpg 1024w, https:\/\/ecooservicios.acme-company.co\/wp-content\/uploads\/2024\/09\/steel-pipelines-cables-plant-300x200.jpg 300w, https:\/\/ecooservicios.acme-company.co\/wp-content\/uploads\/2024\/09\/steel-pipelines-cables-plant-768x512.jpg 768w, https:\/\/ecooservicios.acme-company.co\/wp-content\/uploads\/2024\/09\/steel-pipelines-cables-plant-1536x1024.jpg 1536w, https:\/\/ecooservicios.acme-company.co\/wp-content\/uploads\/2024\/09\/steel-pipelines-cables-plant-2048x1365.jpg 2048w\" sizes=\"(max-width: 800px) 100vw, 800px\" \/>\t\t\t\t\t\t\t\t\t\t\t\t\t\t\t<\/div>\n\t\t\t\t<\/div>\n\t\t\t\t<\/div>\n\t\t<div class=\"elementor-element elementor-element-8270d71 e-con-full e-flex e-con e-child\" data-id=\"8270d71\" data-element_type=\"container\" data-e-type=\"container\">\n\t\t\t\t<div class=\"elementor-element elementor-element-c64238b elementor-widget elementor-widget-heading\" data-id=\"c64238b\" data-element_type=\"widget\" data-e-type=\"widget\" data-widget_type=\"heading.default\">\n\t\t\t\t<div class=\"elementor-widget-container\">\n\t\t\t\t\t<h2 class=\"elementor-heading-title elementor-size-default\">Gas<\/h2>\t\t\t\t<\/div>\n\t\t\t\t<\/div>\n\t\t\t\t<div class=\"elementor-element elementor-element-ded8553 elementor-widget elementor-widget-heading\" data-id=\"ded8553\" data-element_type=\"widget\" data-e-type=\"widget\" data-widget_type=\"heading.default\">\n\t\t\t\t<div class=\"elementor-widget-container\">\n\t\t\t\t\t<h2 class=\"elementor-heading-title elementor-size-default\">Distribuci\u00f3n segura y eficiente de gas natural, garantizando un servicio confiable para diversas aplicaciones industriales y dom\u00e9sticas, con un enfoque en la reducci\u00f3n de emisiones.<\/h2>\t\t\t\t<\/div>\n\t\t\t\t<\/div>\n\t\t\t\t<div class=\"elementor-element elementor-element-5be6ca5 elementor-button-info elementor-widget elementor-widget-button\" data-id=\"5be6ca5\" data-element_type=\"widget\" data-e-type=\"widget\" data-widget_type=\"button.default\">\n\t\t\t\t<div class=\"elementor-widget-container\">\n\t\t\t\t\t\t\t\t\t<div class=\"elementor-button-wrapper\">\n\t\t\t\t\t<a class=\"elementor-button elementor-button-link elementor-size-sm\" href=\"\">\n\t\t\t\t\t\t<span class=\"elementor-button-content-wrapper\">\n\t\t\t\t\t\t\t\t\t<span class=\"elementor-button-text\">M\u00e1s informaci\u00f3n<\/span>\n\t\t\t\t\t<\/span>\n\t\t\t\t\t<\/a>\n\t\t\t\t<\/div>\n\t\t\t\t\t\t\t\t<\/div>\n\t\t\t\t<\/div>\n\t\t\t\t<\/div>\n\t\t\t\t<\/div>\n\t\t<div class=\"elementor-element elementor-element-c1cf4f2 e-con-full e-flex e-con e-child\" data-id=\"c1cf4f2\" data-element_type=\"container\" data-e-type=\"container\" data-settings=\"{&quot;background_background&quot;:&quot;classic&quot;}\">\n\t\t<div class=\"elementor-element elementor-element-2cac3ab e-con-full e-flex e-con e-child\" data-id=\"2cac3ab\" data-element_type=\"container\" data-e-type=\"container\">\n\t\t\t\t<div class=\"elementor-element elementor-element-380e6ba elementor-widget elementor-widget-image\" data-id=\"380e6ba\" data-element_type=\"widget\" data-e-type=\"widget\" data-widget_type=\"image.default\">\n\t\t\t\t<div class=\"elementor-widget-container\">\n\t\t\t\t\t\t\t\t\t\t\t\t\t\t\t<img decoding=\"async\" width=\"800\" height=\"534\" src=\"https:\/\/ecooservicios.acme-company.co\/wp-content\/uploads\/2024\/09\/steel-pipelines-cables-plant-1024x683.jpg\" class=\"attachment-large size-large wp-image-264\" alt=\"\" srcset=\"https:\/\/ecooservicios.acme-company.co\/wp-content\/uploads\/2024\/09\/steel-pipelines-cables-plant-1024x683.jpg 1024w, https:\/\/ecooservicios.acme-company.co\/wp-content\/uploads\/2024\/09\/steel-pipelines-cables-plant-300x200.jpg 300w, https:\/\/ecooservicios.acme-company.co\/wp-content\/uploads\/2024\/09\/steel-pipelines-cables-plant-768x512.jpg 768w, https:\/\/ecooservicios.acme-company.co\/wp-content\/uploads\/2024\/09\/steel-pipelines-cables-plant-1536x1024.jpg 1536w, https:\/\/ecooservicios.acme-company.co\/wp-content\/uploads\/2024\/09\/steel-pipelines-cables-plant-2048x1365.jpg 2048w\" sizes=\"(max-width: 800px) 100vw, 800px\" \/>\t\t\t\t\t\t\t\t\t\t\t\t\t\t\t<\/div>\n\t\t\t\t<\/div>\n\t\t\t\t<\/div>\n\t\t<div class=\"elementor-element elementor-element-23a4566 e-con-full e-flex e-con e-child\" data-id=\"23a4566\" data-element_type=\"container\" data-e-type=\"container\">\n\t\t\t\t<div class=\"elementor-element elementor-element-867d593 elementor-widget elementor-widget-heading\" data-id=\"867d593\" data-element_type=\"widget\" data-e-type=\"widget\" data-widget_type=\"heading.default\">\n\t\t\t\t<div class=\"elementor-widget-container\">\n\t\t\t\t\t<h2 class=\"elementor-heading-title elementor-size-default\">Energ\u00eda<\/h2>\t\t\t\t<\/div>\n\t\t\t\t<\/div>\n\t\t\t\t<div class=\"elementor-element elementor-element-e9cd749 elementor-widget elementor-widget-heading\" data-id=\"e9cd749\" data-element_type=\"widget\" data-e-type=\"widget\" data-widget_type=\"heading.default\">\n\t\t\t\t<div class=\"elementor-widget-container\">\n\t\t\t\t\t<h2 class=\"elementor-heading-title elementor-size-default\">Provisi\u00f3n de energ\u00eda el\u00e9ctrica a trav\u00e9s de fuentes sostenibles, optimizando el consumo energ\u00e9tico mediante soluciones inteligentes para hogares, empresas y comunidades.<\/h2>\t\t\t\t<\/div>\n\t\t\t\t<\/div>\n\t\t\t\t<div class=\"elementor-element elementor-element-739c156 elementor-button-info elementor-widget elementor-widget-button\" data-id=\"739c156\" data-element_type=\"widget\" data-e-type=\"widget\" data-widget_type=\"button.default\">\n\t\t\t\t<div class=\"elementor-widget-container\">\n\t\t\t\t\t\t\t\t\t<div class=\"elementor-button-wrapper\">\n\t\t\t\t\t<a class=\"elementor-button elementor-button-link elementor-size-sm\" href=\"\">\n\t\t\t\t\t\t<span class=\"elementor-button-content-wrapper\">\n\t\t\t\t\t\t\t\t\t<span class=\"elementor-button-text\">M\u00e1s informaci\u00f3n<\/span>\n\t\t\t\t\t<\/span>\n\t\t\t\t\t<\/a>\n\t\t\t\t<\/div>\n\t\t\t\t\t\t\t\t<\/div>\n\t\t\t\t<\/div>\n\t\t\t\t<\/div>\n\t\t\t\t<\/div>\n\t\t\t\t\t<\/div>\n\t\t\t\t<\/div>\n\t\t<div class=\"elementor-element elementor-element-1ecd98f e-flex e-con-boxed e-con e-parent\" data-id=\"1ecd98f\" data-element_type=\"container\" data-e-type=\"container\" data-settings=\"{&quot;background_background&quot;:&quot;classic&quot;}\">\n\t\t\t\t\t<div class=\"e-con-inner\">\n\t\t<div class=\"elementor-element elementor-element-ffd1d8c e-con-full e-flex e-con e-child\" data-id=\"ffd1d8c\" data-element_type=\"container\" data-e-type=\"container\" data-settings=\"{&quot;background_background&quot;:&quot;classic&quot;}\">\n\t\t<div class=\"elementor-element elementor-element-9b0484f e-con-full e-flex e-con e-child\" data-id=\"9b0484f\" data-element_type=\"container\" data-e-type=\"container\">\n\t\t\t\t<div class=\"elementor-element elementor-element-cb94b75 elementor-widget elementor-widget-image\" data-id=\"cb94b75\" data-element_type=\"widget\" data-e-type=\"widget\" data-widget_type=\"image.default\">\n\t\t\t\t<div class=\"elementor-widget-container\">\n\t\t\t\t\t\t\t\t\t\t\t\t\t\t\t<img decoding=\"async\" width=\"800\" height=\"800\" src=\"https:\/\/ecooservicios.acme-company.co\/wp-content\/uploads\/2024\/09\/faceless-man-keeping-bulb-with-plant-1024x1024.jpg\" class=\"attachment-large size-large wp-image-194\" alt=\"\" srcset=\"https:\/\/ecooservicios.acme-company.co\/wp-content\/uploads\/2024\/09\/faceless-man-keeping-bulb-with-plant-1024x1024.jpg 1024w, https:\/\/ecooservicios.acme-company.co\/wp-content\/uploads\/2024\/09\/faceless-man-keeping-bulb-with-plant-300x300.jpg 300w, https:\/\/ecooservicios.acme-company.co\/wp-content\/uploads\/2024\/09\/faceless-man-keeping-bulb-with-plant-150x150.jpg 150w, https:\/\/ecooservicios.acme-company.co\/wp-content\/uploads\/2024\/09\/faceless-man-keeping-bulb-with-plant-768x768.jpg 768w, https:\/\/ecooservicios.acme-company.co\/wp-content\/uploads\/2024\/09\/faceless-man-keeping-bulb-with-plant-1536x1536.jpg 1536w, https:\/\/ecooservicios.acme-company.co\/wp-content\/uploads\/2024\/09\/faceless-man-keeping-bulb-with-plant-2048x2048.jpg 2048w\" sizes=\"(max-width: 800px) 100vw, 800px\" \/>\t\t\t\t\t\t\t\t\t\t\t\t\t\t\t<\/div>\n\t\t\t\t<\/div>\n\t\t\t\t<\/div>\n\t\t<div class=\"elementor-element elementor-element-6b96547 e-con-full e-flex e-con e-child\" data-id=\"6b96547\" data-element_type=\"container\" data-e-type=\"container\">\n\t\t\t\t<div class=\"elementor-element elementor-element-8f3509f elementor-widget elementor-widget-heading\" data-id=\"8f3509f\" data-element_type=\"widget\" data-e-type=\"widget\" data-widget_type=\"heading.default\">\n\t\t\t\t<div class=\"elementor-widget-container\">\n\t\t\t\t\t<h2 class=\"elementor-heading-title elementor-size-default\">Energ\u00eda solar: <\/h2>\t\t\t\t<\/div>\n\t\t\t\t<\/div>\n\t\t\t\t<div class=\"elementor-element elementor-element-1df8ae5 elementor-widget elementor-widget-heading\" data-id=\"1df8ae5\" data-element_type=\"widget\" data-e-type=\"widget\" data-widget_type=\"heading.default\">\n\t\t\t\t<div class=\"elementor-widget-container\">\n\t\t\t\t\t<h2 class=\"elementor-heading-title elementor-size-default\">Implementaci\u00f3n de sistemas de energ\u00eda solar para hogares y negocios, facilitando la transici\u00f3n hacia fuentes renovables y la reducci\u00f3n de la huella de carbono.<\/h2>\t\t\t\t<\/div>\n\t\t\t\t<\/div>\n\t\t\t\t<div class=\"elementor-element elementor-element-83f8246 elementor-button-info elementor-widget elementor-widget-button\" data-id=\"83f8246\" data-element_type=\"widget\" data-e-type=\"widget\" data-widget_type=\"button.default\">\n\t\t\t\t<div class=\"elementor-widget-container\">\n\t\t\t\t\t\t\t\t\t<div class=\"elementor-button-wrapper\">\n\t\t\t\t\t<a class=\"elementor-button elementor-button-link elementor-size-sm\" href=\"\">\n\t\t\t\t\t\t<span class=\"elementor-button-content-wrapper\">\n\t\t\t\t\t\t\t\t\t<span class=\"elementor-button-text\">M\u00e1s informaci\u00f3n<\/span>\n\t\t\t\t\t<\/span>\n\t\t\t\t\t<\/a>\n\t\t\t\t<\/div>\n\t\t\t\t\t\t\t\t<\/div>\n\t\t\t\t<\/div>\n\t\t\t\t<\/div>\n\t\t\t\t<\/div>\n\t\t\t\t\t<\/div>\n\t\t\t\t<\/div>\n\t\t<div class=\"elementor-element elementor-element-992dd8d e-flex e-con-boxed e-con e-parent\" data-id=\"992dd8d\" data-element_type=\"container\" data-e-type=\"container\" data-settings=\"{&quot;background_background&quot;:&quot;classic&quot;}\">\n\t\t\t\t\t<div class=\"e-con-inner\">\n\t\t\t\t<div class=\"elementor-element elementor-element-8b44958 elementor-widget elementor-widget-heading\" data-id=\"8b44958\" data-element_type=\"widget\" data-e-type=\"widget\" data-widget_type=\"heading.default\">\n\t\t\t\t<div class=\"elementor-widget-container\">\n\t\t\t\t\t<h2 class=\"elementor-heading-title elementor-size-default\">\u00bfTienes alguna pregunta? <br>\nNo dudes en comunicarte con Eco Bot <\/br><\/h2>\t\t\t\t<\/div>\n\t\t\t\t<\/div>\n\t\t\t\t<div class=\"elementor-element elementor-element-cb41c46 elementor-widget elementor-widget-heading\" data-id=\"cb41c46\" data-element_type=\"widget\" data-e-type=\"widget\" data-widget_type=\"heading.default\">\n\t\t\t\t<div class=\"elementor-widget-container\">\n\t\t\t\t\t<h2 class=\"elementor-heading-title elementor-size-default\">Perm\u00edtenos ser tu aliado en cada paso, ofreci\u00e9ndote apoyo a trav\u00e9s de nuestros canales de atenci\u00f3n. Unidos, podemos superar cualquier reto y crear un futuro mejor. \u00a1Cont\u00e1ctanos y experimenta el valor de recibir la atenci\u00f3n que te mereces!<\/h2>\t\t\t\t<\/div>\n\t\t\t\t<\/div>\n\t\t\t\t<div class=\"elementor-element elementor-element-29c8b8f elementor-button-info elementor-align-center elementor-widget elementor-widget-button\" data-id=\"29c8b8f\" data-element_type=\"widget\" data-e-type=\"widget\" data-widget_type=\"button.default\">\n\t\t\t\t<div class=\"elementor-widget-container\">\n\t\t\t\t\t\t\t\t\t<div class=\"elementor-button-wrapper\">\n\t\t\t\t\t<a class=\"elementor-button elementor-button-link elementor-size-sm\" href=\"https:\/\/ecooservicios.acme-company.co\/?page_id=3\">\n\t\t\t\t\t\t<span class=\"elementor-button-content-wrapper\">\n\t\t\t\t\t\t\t\t\t<span class=\"elementor-button-text\">M\u00e1s informaci\u00f3n<\/span>\n\t\t\t\t\t<\/span>\n\t\t\t\t\t<\/a>\n\t\t\t\t<\/div>\n\t\t\t\t\t\t\t\t<\/div>\n\t\t\t\t<\/div>\n\t\t\t\t\t<\/div>\n\t\t\t\t<\/div>\n\t\t\t\t<\/div>\n\t\t","protected":false},"excerpt":{"rendered":"<p>Consulta y paga tu factura Paga tu factura de manera f\u00e1cil y segura Opciones de pago disponibles: Pago en l\u00ednea A trav\u00e9s de nuestra plataforma segura, puedes pagar con tarjeta de cr\u00e9dito, d\u00e9bito o realizar transferencias electr\u00f3nicas. Solo necesitas tu n\u00famero de cuenta y seguir los sencillos pasos en nuestro portal. Pago autom\u00e1tico Configura el [&hellip;]<\/p>\n","protected":false},"author":1,"featured_media":0,"parent":0,"menu_order":0,"comment_status":"closed","ping_status":"closed","template":"elementor_theme","meta":{"footnotes":""},"class_list":["post-8","page","type-page","status-publish","hentry"],"_links":{"self":[{"href":"https:\/\/ecooservicios.acme-company.co\/index.php?rest_route=\/wp\/v2\/pages\/8","targetHints":{"allow":["GET"]}}],"collection":[{"href":"https:\/\/ecooservicios.acme-company.co\/index.php?rest_route=\/wp\/v2\/pages"}],"about":[{"href":"https:\/\/ecooservicios.acme-company.co\/index.php?rest_route=\/wp\/v2\/types\/page"}],"author":[{"embeddable":true,"href":"https:\/\/ecooservicios.acme-company.co\/index.php?rest_route=\/wp\/v2\/users\/1"}],"replies":[{"embeddable":true,"href":"https:\/\/ecooservicios.acme-company.co\/index.php?rest_route=%2Fwp%2Fv2%2Fcomments&post=8"}],"version-history":[{"count":412,"href":"https:\/\/ecooservicios.acme-company.co\/index.php?rest_route=\/wp\/v2\/pages\/8\/revisions"}],"predecessor-version":[{"id":791,"href":"https:\/\/ecooservicios.acme-company.co\/index.php?rest_route=\/wp\/v2\/pages\/8\/revisions\/791"}],"wp:attachment":[{"href":"https:\/\/ecooservicios.acme-company.co\/index.php?rest_route=%2Fwp%2Fv2%2Fmedia&parent=8"}],"curies":[{"name":"wp","href":"https:\/\/api.w.org\/{rel}","templated":true}]}}